{"id":6,"date":"2021-02-05T14:14:31","date_gmt":"2021-02-05T14:14:31","guid":{"rendered":"http:\/\/derechoymusica.itam.mx\/?page_id=6"},"modified":"2021-02-22T10:47:15","modified_gmt":"2021-02-22T16:47:15","slug":"acerca-de","status":"publish","type":"page","link":"http:\/\/derechoymusica.itam.mx\/?page_id=6","title":{"rendered":"Acerca del sitio"},"content":{"rendered":"\n<p>La m\u00fasica es frenes\u00ed, alegr\u00eda, tristeza, rabia, rebeld\u00eda, ritmo, cadencia, caos, disciplina, contraste, emancipaci\u00f3n, energ\u00eda, melancol\u00eda, creatividad, honestidad, amistad, guitarrazos. En una palabra: es vida.<\/p>\n\n\n\n<p>En el contexto de una pandemia marcada por la desigualdad y la indiferencia, pero tambi\u00e9n por la esperanza y el hambre de volver a sentir la m\u00fasica, en este grupo de escritura y lectura nos hacemos preguntas como: \u00bfqu\u00e9 lecciones nos da el metal para ser mejores constitucionalistas? \u00bfLos narcocorridos est\u00e1n protegidos por la libertad de expresi\u00f3n? \u00bfQu\u00e9 dice Bob Dylan del \u201csistema\u201d penitenciario? \u00bfC\u00f3mo la irreverencia del punk informa el an\u00e1lisis cr\u00edtico del derecho? \u00bfPor qu\u00e9 tenemos un himno nacional tan b\u00e9lico y xen\u00f3fobo y no uno que apele a la diversidad y a la paz? \u00bfTendr\u00edamos una mejor suprema corte si al menos une ministre tocara el chelo?<\/p>\n\n\n\n<p>Este blog se cre\u00f3 para vaciar todas esas cuestiones en textos cortos que visibilicen esa relaci\u00f3n entre el derecho y la m\u00fasica.<\/p>\n\n\n\n<p>Estudiantes, docentes y amantes de la m\u00fasica bienvenides. <\/p>\n","protected":false},"excerpt":{"rendered":"<p>La m\u00fasica es frenes\u00ed, alegr\u00eda, tristeza, rabia, rebeld\u00eda, ritmo, cadencia, caos, disciplina, contraste, emancipaci\u00f3n, energ\u00eda, melancol\u00eda, creatividad, honestidad, amistad, guitarrazos. En una palabra: es vida. En el contexto de una pandemia marcada por la desigualdad y la indiferencia, pero tambi\u00e9n por la esperanza y el hambre de volver a sentir la m\u00fasica, en este grupo &hellip; <\/p>\n<p class=\"link-more\"><a href=\"http:\/\/derechoymusica.itam.mx\/?page_id=6\" class=\"more-link\">Continuar leyendo<span class=\"screen-reader-text\"> &#8220;Acerca del sitio&#8221;<\/span><\/a><\/p>\n","protected":false},"author":1,"featured_media":0,"parent":0,"menu_order":0,"comment_status":"closed","ping_status":"closed","template":"","meta":[],"_links":{"self":[{"href":"http:\/\/derechoymusica.itam.mx\/index.php?rest_route=\/wp\/v2\/pages\/6"}],"collection":[{"href":"http:\/\/derechoymusica.itam.mx\/index.php?rest_route=\/wp\/v2\/pages"}],"about":[{"href":"http:\/\/derechoymusica.itam.mx\/index.php?rest_route=\/wp\/v2\/types\/page"}],"author":[{"embeddable":true,"href":"http:\/\/derechoymusica.itam.mx\/index.php?rest_route=\/wp\/v2\/users\/1"}],"replies":[{"embeddable":true,"href":"http:\/\/derechoymusica.itam.mx\/index.php?rest_route=%2Fwp%2Fv2%2Fcomments&post=6"}],"version-history":[{"count":4,"href":"http:\/\/derechoymusica.itam.mx\/index.php?rest_route=\/wp\/v2\/pages\/6\/revisions"}],"predecessor-version":[{"id":246,"href":"http:\/\/derechoymusica.itam.mx\/index.php?rest_route=\/wp\/v2\/pages\/6\/revisions\/246"}],"wp:attachment":[{"href":"http:\/\/derechoymusica.itam.mx\/index.php?rest_route=%2Fwp%2Fv2%2Fmedia&parent=6"}],"curies":[{"name":"wp","href":"https:\/\/api.w.org\/{rel}","templated":true}]}}